11, what is -1 + 925930?
92592a
In base 7, what is 300323 + 145?
300501
In base 11, what is -1611a68 - -9?
-1611a5a
In base 16, what is 1 + 729268c?
729268d
In base 2, what is -11 - -111100000001010100011110?
111100000001010100011011
In base 15, what is -10 + e51307?
e512e7
In base 12, what is 345 - -50876?
50bbb
In base 3, what is -220122002120110 + 11?
-220122002120022
In base 5, what is -113042100 - -413?
-113041132
In base 13, what is -9162 + -144?
-92a6
In base 16, what is 1 + -56c6813?
-56c6812
In base 7, what is -2 + -36641053?
-36641055
In base 5, what is -303024212 - -3?
-303024204
In base 13, what is 48aa1 - -66?
48b37
In base 11, what is 4a663 - -415?
4aa78
In base 15, what is -6 + 3786176?
3786170
In base 16, what is -9737e64 + 2?
-9737e62
In base 5, what is 230113421 - 20?
230113401
In base 3, what is 1021111010 + 21221?
1021210001
In base 8, what is -25271654 - 5?
-25271661
In base 12, what is -310980 - 4?
-310984
In base 14, what is -34899 - 75?
-34930
In base 2, what is -100 - 11100100101110111010001000?
-11100100101110111010001100
In base 5, what is -3 + 203420101?
203420043
In base 16, what is -e - 410bea?
-410bf8
In base 4, what is 1110013302 + -10322?
1110002320
In base 10, what is -5148 - -116643?
111495
In base 4, what is 112310 - 2003001?
-1230031
In base 13, what is 2ac0353 + -6?
2ac034a
In base 13, what is -c43b544 + 16?
-c43b52b
In base 14, what is -3adba + 42?
-3ad78
In base 9, what is 3 - 455126688?
-455126685
In base 14, what is -2ac8068 - -3?
-2ac8065
In base 2, what is -1101010010000000101110 + -110111?
-1101010010000001100101
In base 16, what is -35c2 + -8010?
-b5d2
In base 11, what is 271 - 100749?
-100488
In base 6, what is 44130 - -435501?
524031
In base 15, what is 4d7e01d + 6?
4d7e024
In base 3, what is -210 - 100201122110221?
-100201122111201
In base 3, what is 220 - 1112220112100?
-1112220111110
In base 6, what is -21 - -2151324152?
2151324131
In base 13, what is 2747b999 + 3?
2747b99c
In base 3, what is 12002121 - 101202102?
-12122211
In base 3, what is 12022112 + 100101012?
112200201
In base 6, what is -212 - 202010?
-202222
In base 14, what is 0 - 1285041?
-1285041
In base 2, what is -101001001011100 - 1000100110?
-101010010000010
In base 12, what is -b2342 + -226?
-b2568
In base 6, what is -2321 + -344123?
-350444
In base 5, what is 1031214 + 4322?
1041041
In base 12, what is 52 - -53267?
532b9
In base 16, what is c - -4aa2d?
4aa39
In base 12, what is -22b + 21855?
21626
In base 12, what is -85 - 108915?
-10899a
In base 13, what is -2a5030 - -6?
-2a5027
In base 3, what is -10 + 10112211021111222?
10112211021111212
In base 16, what is 268a - 602?
2088
In base 2, what is -1010011001101000 + 101?
-1010011001100011
In base 13, what is 3 + -1a3786c?
-1a37869
In base 15, what is -1259 + -10ba?
-2324
In base 15, what is 0 - 11298e25?
-11298e25
In base 10, what is -3086650 - 12?
-3086662
In base 12, what is a0 - 36878?
-36798
In base 4, what is 3 - -321022130031?
321022130100
In base 7, what is 10601 + -6236?
1332
In base 2, what is 10011011100100 - -111100010010110?
1001111101111010
In base 7, what is 236 - 34325?
-34056
In base 15, what is -2 - -1310d75?
1310d73
In base 9, what is -30050573 + -5?
-30050578
In base 6, what is -1151045 + 30?
-1151015
In base 9, what is -6 - -10417088?
10417082
In base 13, what is 120 - -41758?
41878
In base 10, what is -98601 + -93?
-98694
In base 12, what is 2991 - -77b0?
a581
In base 14, what is -1 - -4a43d1?
4a43d0
In base 2, what is 100110000100110101 - -1101101000?
100110010010011101
In base 12, what is 40 + 106aba2?
106b022
In base 8, what is -6175 + 1352175?
1344000
In base 14, what is -a - -da074?
da068
In base 16, what is -cea + 4683?
3999
In base 10, what is 1212841 + 60?
1212901
In base 7, what is -1 + -22264414?
-22264415
In base 4, what is -30100 + 1300010331?
1233320231
In base 15, what is 3 - 24728c5?
-24728c2
In base 5, what is 114 + 222032020?
222032134
In base 11, what is -7 - -a491516?
a49150a
In base 9, what is 2817675 + -201?
2817474
In base 7, what is 0 - 535553362?
-535553362
In base 11, what is -46a06771 + 2?
-46a0676a
In base 16, what is 0 + 12138e6?
12138e6
In base 9, what is -3660342 - 120?
-3660462
In base 6, what is 1454523 + 1444?
1500411
In base 8, what is 6323 - -332636?
341161
In base 14, what is -1027 + -266d?
-3696
In base 7, what is 0 + 1163052500?
1163052500
In base 16, what is -41 + a24b?
a20a
In base 16, what is 3 - 9339e36?
-9339e33
In base 15, what is 1c2286 - 2?
1c2284
In base 15, what is 35 - -73d250?
73d285
In base 6, what is -441510005 + -130?
-441510135
In base 12, what is -71895a25 + -5?
-71895a2a
In base 15, what is -213 - -54?
-1ae
In base 16, what is 25dd0b - 65?
25dca6
In base 16, what is c - -40fa7?
40fb3
In base 10, what is 1033 - -77632?
78665
In base 13, what is -10024a + 3?
-100247
In base 15, what is -6 + 1125ba?
1125b4
In base 5, what is 3 - -142402434121?
142402434124
In base 6, what is -1133540540 - -3?
-1133540533
In base 16, what is -4 - 14314c1?
-14314c5
In base 4, what is 232132203231 - -2?
232132203233
In base 9, what is 43520 - 60186?
-15566
In base 2, what is 111110110000001011100011 + -1010?
111110110000001011011001
In base 5, what is 120 - 2313100?
-2312430
In base 12, what is -13727b + 311?
-136b6a
In base 9, what is -3863178 + -107?
-3863286
In base 2, what is -110 + 10111011000111010110100?
10111011000111010101110
In base 13, what is 48 + -1bb48?
-1bb00
In base 2, what is 1010111110101001010 - -101111100?
1010111111011000110
In base 11, what is 263 + -430aa0?
-430838
In base 12, what is 7193 - -365b?
a832
In base 16, what is -76f9 + 58b4?
-1e45
In base 15, what is 14bca6c + -3?
14bca69
In base 6, what is 11110 - 232315?
-221205
In base 10, what is 320 - -292390?
292710
In base 13, what is -40a5558 + 4?
-40a5554
In base 4, what is -32021231 - 313?
-32022210
In base 8, what is -346152 - -2707?
-343243
In base 14, what is 8a16463b + 3?
8a164640
In base 5, what is 10 + 1101221134?
1101221144
In base 15, what is -1c618 + 34?
-1c5d4
In base 5, what is 31320 + -424030?
-342210
In base 14, what is -2a23ca6 + -4?
-2a23caa
In base 15, what is 1b - -942ba?
942d6
In base 8, what is 4 + -22007245?
-22007241
In base 10, what is 37777 - -3050?
40827
In base 15, what is -d + -37d72e?
-37d73c
In base 14, what is 28 - 240b48d?
-240b465
In base 9, what is 4034 + -258184?
-254150
In base 4, what is 1032013 + -11113033?
-10021020
In base 16, what is -137044d + -1?
-137044e
In base 10, what is -196 - 12711?
-12907
In base 8, what is 12375656 - 271?
12375365
In base 13, what is -2c6446c - 5?
-2c64474
In base 9, what is 1426862 - -102?
1427064
In base 7, what is -1035 - 1226122?
-1230160
In base 11, what is 2 + 167699?
1676a0
In base 3, what is -1220102210210112 + -10?
-1220102210210122
In base 8, what is 3654 + 21565?
25441
In base 6, what is -402502101 + 4?
-402502053
In base 9, what is -3 - 7851230?
-7851233
In base 3, what is -1100 - -111001021211?
111001020111
In base 8, what is 4 - 14056662?
-14056656
In base 6, what is 4 - 1110052513?
-1110052505
In base 11, what is 2603 - 51a7?
-26a4
In base 14, what is -5 + -984c938?
-984c93d
In base 6, what is 141004345 - -1?
141004350
In base 16, what is 106 - -13fef?
140f5
In base 2, what is 101100 - 1111110011110101101?
-1111110011110000001
In base 8, what is 36364621 + 3?
36364624
In base 2, what is 11000011011110100100111000111 + -100?
11000011011110100100111000011
In base 7, what is 4 + -205411012?
-205411005
In base 8, what is 5 - 1637322?
-1637315
In base 16, what is dd11 - -f1?
de02
In base 12, what is 0 + -8570b00?
-8570b00
In base 14, what is 2b7 + -62d1?
-6018
In base 11, what is -2595376 + -7?
-2595382
In base 13, what is 1 + 11533764?
11533765
In base 10, what is 195214 + -33?
195181
In base 2, what is -111001100110001 + -10100110111?
-111100001101000
In base 10, what is 13 + 19143320?
19143333
In base 3, what is -1110 + 101002001200?
101002000020
In base 7, what is 63 - -12433034?
12433130
In base 6, what is -201400212 - 210?
-201400422
In base 7, what is -35313015 - -3?
-35313012
In base 13, what is -1309088 - 24?
-13090ac
In base 8, what is -2 + 11531670?
11531666
In base 11, what is -237 + -8167?
-83a3
In base 3, what is -1010110012011201 - -1022?
-10101100120101